 is the remainder when o is divided by 33?
30
Let g(a) = 11*a + 13*a - a**2 - 6 - 23*a + 6*a**3. What is the remainder when g(2) is divided by 14?
12
Let s = -16 + 13. Let n be -4*s/(12/(-7)). Let j(q) = q**2 + 3*q + 15. What is the remainder when j(n) is divided by 11?
10
Suppose -2*y = 5*x - 270, -4*x = -5*y - 6*x + 633. Suppose -36 + 191 = 4*j + 5*r, y = 3*j + 2*r. Calculate the remainder when j is divided by 12.
9
Let x = -737 - -849. What is the remainder when x is divided by 23?
20
What is the remainder when 62 is divided by (-1 + 0)*(61 + -105)?
18
Suppose u + 24 = 5*u - 4*j, 0 = 2*j + 2. Suppose 8 + 37 = u*k. Let g = k - 1. Calculate the remainder when 22 is divided by g.
6
Let r(d) = d**3 - 2*d**2 + 6*d - 2. Let q(s) = -4*s**3 + 6*s**2 - 19*s + 5. Let y(t) = 2*q(t) + 7*r(t). Calculate the remainder when y(-5) is divided by 19.
13
Let f = 97 + -206. Let l = f + 167. Let y(v) = 3*v - 17. Calculate the remainder when l is divided by y(9).
8
Let y = -2201 + 3443. What is the remainder when y is divided by 15?
12
Let n be (-30)/(-12) - (-3)/(-2). Suppose 3 + n = l. Suppose -y - l*y = -210. Calculate the remainder when y is divided by 15.
12
Let o be -4 - (-1 - -1) - 118/(-1). Suppose -6*n + 96 = -o. What is the remainder when n is divided by 8?
3
Let q be ((-2)/(-7))/((-27)/7 - -4). Suppose 1 = q*u - g - 7, u + 2*g = 9. Calculate the remainder when 7 is divided by u.
2
Let w = -41 + 66. What is the remainder when w is divided by ((-6)/9)/(1 - 123/117)?
12
Suppose -j = -3*c - 5, -3*j + 21 = 2*c - 16. Suppose 0 = -0*n - 5*n + 95. What is the remainder when n is divided by j?
8
Let t be ((-2)/5)/((-7)/(-35)). Calculate the remainder when 0*3/(-9) + 2 is divided by (-8 + 1)*t/7.
0
Let g(n) = -75*n + 1. Let h be g(-1). Suppose 10 + h = 2*c. Suppose 5*r = -q + 4*r + 22, c = 4*q - 5*r. What is the remainder when 50 is divided by q?
16
Let q = -290 - -453. Calculate the remainder when q is divided by 2/10 + (-612)/(-15).
40
Suppose -2*b = -0*b - 20. Let z = b - 5. What is the remainder when 16 is divided by z?
1
Suppose -6*q + 3251 - 3029 = 0. What is the remainder when 3846 is divided by q?
35
Suppose 5*c = 2*i + 156, -155 = -c + i - 122. What is the remainder when c is divided by 8?
6
Let u = -1444 - -1478. Calculate the remainder when u is divided by (-106)/(-6) - (-2)/6.
16
Let q = 2 + -6. Let v(r) = r**2 + 4*r + 1. Let f be v(q). What is the remainder when (f + -2)*27/(-1) is divided by 10?
7
Suppose 8*c = -44*c + 9048. What is the remainder when c is divided by 101?
73
What is the remainder when 355 is divided by ((-18)/8)/((-6)/56)?
19
Let f be (-1332)/42 + 2/(-7). Let a = -19 - f. Suppose -5*v + 107 + a = 0. What is the remainder when 70 is divided by v?
22
Suppose -k + 2*k = 5. Suppose -4*w + 10 = w. Suppose k*n + a = 3*a + 80, 10 = -w*a. What is the remainder when n is divided by 8?
6
Let d(x) = x**3 + 12*x**2 + 17*x - 17. Calculate the remainder when 519 is divided by d(-10).
12
Let l(g) = 32*g**2 - 5*g + 1. Let w be l(1). What is the remainder when 78 is divided by -1*((-4)/2)/(-2) + w?
24
Let s = 170 + -129. What is the remainder when 204 is divided by s?
40
Suppose -205 = 12*d - 17*d. Let x = -10 + 32. Calculate the remainder when d is divided by x.
19
Let w = 595 - 574. Let u = -169 - -251. What is the remainder when u is divided by w?
19
Let w(r) = 6*r + 9 + 4 - 2*r - 2. Calculate the remainder when w(19) is divided by 23.
18
Let y(t) = 16*t**3 - 2*t**2 + t. Let i(w) = w**3 - 6*w**2 - 18*w + 18. Let l be i(8). Calculate the remainder when (-2 + 0 - -56) + l is divided by y(1).
11
Let z = 197 + -153. Calculate the remainder when z is divided by 20.
4
Let o = -39 - -59. Suppose 4*q - o = -8. Suppose -f - 78 + 28 = -q*k, 2*f - 50 = -4*k. What is the remainder when 27 is divided by k?
12
Let g(h) = 5*h**2 + 51*h + 5. What is the remainder when g(-11) is divided by 17?
15
Suppose 2*r + 0*r - 3*z = 14, -17 = 3*r + 5*z. Let f(l) = -l**2 + 21*l - 25. Calculate the remainder when f(19) is divided by r.
0
Suppose 94*i - 450 = 1242. What is the remainder when i is divided by -3*(-3)/(18/16)?
2
Let o(k) = -k**3 - 35*k**2 + 37*k + 133. What is the remainder when o(-36) is divided by 11?
9
Let i = 8 + -2. Suppose 2*k + 1024 = i*k. Suppose 0*q = 4*q - k. What is the remainder when q is divided by 22?
20
Let o be -4 + -742 + (-20)/5. What is the remainder when 48 is divided by ((-4)/6)/(20/o)?
23
Let l = 31 + -11. Calculate the remainder when 35 is divided by l.
15
Suppose -2*w + 3*a = -28, w - 3*a = -a + 16. Let n(g) = 12*g**2 + 3*g + 3. Let v be n(-1). Let f = 11 + v. What is the remainder when f is divided by w?
7
Let z(q) = q**2 + 11*q - 3. Let f be z(-12). Suppose -3*c + 18 = -f. Let y = 16 - -9. Calculate the remainder when y is divided by c.
7
Let o(j) = -j + 23. Suppose 2*k + 7*k - 81 = 0. What is the remainder when o(k) is divided by 11?
3
What is the remainder when (-9)/(-36)*-50*126/(-15) is divided by 22?
17
Suppose -y = -2*n + 13, -3*n - y + 7 = -0*y. Suppose -n*q + 361 + 187 = 0. Let b = 315 + -280. What is the remainder when q is divided by b?
32
Let q(i) be the second derivative of i**4/6 - i**3 + i**2/2 - i. Suppose -3*c = -33*m + 34*m - 55, -5*m = 25. Calculate the remainder when q(7) is divided by c.
17
Let u = -63 - -92. Let y = -2 + 6. What is the remainder when u is divided by y?
1
Let m(o) = 32*o + 69. Calculate the remainder when 273 is divided by m(0).
66
Suppose -1299 = -32*d + 45. What is the remainder when d is divided by 10?
2
Let k(y) = y - 1. Let o be k(2). Let d be -6*51/(-6)*o. Let m = d + -32. Calculate the remainder when 36 is divided by m.
17
Let d(y) = -19*y + 8*y - y**2 + 20 - 4*y. Calculate the remainder when 12 is divided by d(-16).
0
Let s = 12 - 7. Let r(c) = -c**3 + 7*c**2 - 4*c - 6. What is the remainder when r(s) is divided by 13?
11
Suppose 414 = -6*z + 12*z. What is the remainder when z is divided by 25?
19
Let p = 160 + -80. Let r = p - 67. What is the remainder when 22 is divided by r?
9
Let z = -554 - -560. What is the remainder when 1109 is divided by z?
5
Let y = -80 + 145. Suppose -4*x - x + y = 0. Suppose -4*l - 4*u = -l - 85, 80 = 2*l - 2*u. What is the remainder when l is divided by x?
9
Let m(u) = -9*u - 145. What is the remainder when 117 is divided by m(-18)?
15
Let k(z) be the third derivative of z**4/12 + 11*z**3/6 + 5*z**2. Let b(n) = 1. Let g(j) = -6*b(j) - k(j). Calculate the remainder when 26 is divided by g(-12).
5
Let q(d) be the third derivative of d**5/30 + 23*d**4/24 + 7*d**3/3 - 17*d**2. What is the remainder when q(-13) is divided by 14?
11
Suppose 51*u = -46*u + 873. Let q(n) = n**2 - n + 1. Let s be q(1). What is the remainder when (-23 - 1)*-1*s is divided by u?
6
Let l(c) = c**3 + 5*c**2 + 3*c - 1. Calculate the remainder when 1 + 0 + 1 + 1 is divided by l(-4).
0
Let j = 79 - 12. What is the remainder when 130 is divided by j?
63
Let r(f) be the second derivative of f**4/12 - 2*f**3 + 17*f**2 - 25*f. What is the remainder when r(13) is divided by 10?
7
Let h(o) = o**2 - 10*o + 12. Let t be h(9). Suppose t = -0*x + x. Suppose -17*a = -a - 128. What is the remainder when a is divided by x?
2
Suppose -y + 64 = 4*p - 348, 2*p - 206 = 5*y. Suppose 0 = 2*u - 2 - 22. What is the remainder when p/5 + (-8)/(-20) is divided by u?
9
Let l(v) = -v**2 + 11*v + 15. Let f be l(9). Suppose -g - 10 = -f. Suppose 0*y + y - 13 = 0. Calculate the remainder when g is divided by y.
10
Suppose 0 = 5*x - x - 12. Suppose 0 = 2*u - r - 5, -3*u + 8*r = 3*r - 4. Let t = u - -2. What is the remainder when t is divided by x?
2
Suppose -g = 131 - 339. What is the remainder when g is divided by 19?
18
Suppose n + 25 = -29. Let v = n - -94. Calculate the remainder when v is divided by 30.
10
Let x(r) = -2*r - 12. What is the remainder when x(-10) is divided by 3?
2
Suppose 2*p - 4*r - 125 = -9*r, 3*p = -2*r + 204. Let y = -65 + p. Calculate the remainder when y is divided by 4.
1
Suppose 5*b = 4*f - 370, -26*f + 27*f - 2*b = 91. Calculate the remainder when 372 is divided by f.
87
Let z = 16 + -14. Suppose 2*r - 19 = v, -z*r + 5*v = -7*r + 70. Calculate the remainder when r is divided by 4.
3
Let i(z) = 3*z**3 - 5*z**2 + 13*z - 12. What is the remainder when i(4) is divided by 40?
32
Let k = -2551 - 